ainder when 126160229 is divided by 4201.
4199
Calculate the remainder when 128221 is divided by 3367.
275
Calculate the remainder when 50413 is divided by 698.
157
What is the remainder when 788362 is divided by 19228?
14
Calculate the remainder when 9330577 is divided by 116632.
17
What is the remainder when 1459080797 is divided by 40?
37
Calculate the remainder when 14903803 is divided by 13108.
7
Calculate the remainder when 110725 is divided by 9107.
1441
What is the remainder when 3645244 is divided by 8638?
8
What is the remainder when 974828 is divided by 443?
228
What is the remainder when 1271713 is divided by 317843?
341
Calculate the remainder when 365954 is divided by 4818.
4604
What is the remainder when 1167558 is divided by 116754?
18
Calculate the remainder when 897660 is divided by 179523.
45
What is the remainder when 399827 is divided by 1427?
267
What is the remainder when 157019 is divided by 15435?
2669
Calculate the remainder when 34183399 is divided by 200.
199
Calculate the remainder when 210528 is divided by 30013.
437
Calculate the remainder when 21324446 is divided by 10.
6
What is the remainder when 226294 is divided by 75359?
217
What is the remainder when 30898 is divided by 3250?
1648
What is the remainder when 400171 is divided by 66?
13
What is the remainder when 13236110 is divided by 3455?
5
Calculate the remainder when 19146 is divided by 2506.
1604
Calculate the remainder when 30007527 is divided by 791.
151
Calculate the remainder when 215189102 is divided by 1451.
1449
Calculate the remainder when 1605711 is divided by 234.
3
What is the remainder when 3826751 is divided by 203?
201
Calculate the remainder when 214994 is divided by 4341.
2285
What is the remainder when 925931 is divided by 46156?
2811
Calculate the remainder when 69063084 is divided by 34531535.
14
Calculate the remainder when 1517171 is divided by 33712.
131
What is the remainder when 494455602 is divided by 37?
34
What is the remainder when 3675 is divided by 3031?
644
What is the remainder when 338388 is divided by 227?
158
What is the remainder when 6579592 is divided by 1011?
4
Calculate the remainder when 33730678 is divided by 1025.
1003
Calculate the remainder when 55081 is divided by 18340.
61
What is the remainder when 1206992 is divided by 301724?
96
What is the remainder when 1253720 is divided by 2992?
72
What is the remainder when 767498 is divided by 255813?
59
Calculate the remainder when 10747659 is divided by 5027.
4960
What is the remainder when 8886852 is divided by 9004?
8908
What is the remainder when 17057170 is divided by 3?
1
Calculate the remainder when 12341643 is divided by 213.
210
What is the remainder when 12688 is divided by 2699?
1892
What is the remainder when 2100070 is divided by 10048?
38
Calculate the remainder when 706948 is divided by 568.
356
Calculate the remainder when 1504349 is divided by 47.
20
Calculate the remainder when 2050346 is divided by 75.
71
What is the remainder when 4470567 is divided by 4470553?
14
What is the remainder when 17206783 is divided by 95?
3
What is the remainder when 1723373 is divided by 304?
301
What is the remainder when 104943 is divided by 164?
147
What is the remainder when 15999307 is divided by 2666545?
37
Calculate the remainder when 76048403 is divided by 922.
921
Calculate the remainder when 1573517 is divided by 712.
709
Calculate the remainder when 2914412 is divided by 24.
20
What is the remainder when 26850612 is divided by 111413?
79
Calculate the remainder when 227142 is divided by 56769.
66
Calculate the remainder when 424724755 is divided by 179.
178
What is the remainder when 275478 is divided by 3095?
23
Calculate the remainder when 27532676 is divided by 307.
302
What is the remainder when 74108 is divided by 3205?
393
What is the remainder when 132186 is divided by 534?
288
Calculate the remainder when 26296928 is divided by 2110.
2108
What is the remainder when 340994 is divided by 1?
0
What is the remainder when 62556715 is divided by 7819589?
3
Calculate the remainder when 116864 is divided by 735.
734
Calculate the remainder when 35359081 is divided by 206.
5
What is the remainder when 49297 is divided by 6318?
5071
What is the remainder when 6466799 is divided by 20083?
73
What is the remainder when 106831 is divided by 52535?
1761
Calculate the remainder when 5678108 is divided by 195.
98
What is the remainder when 84116 is divided by 246?
230
What is the remainder when 108580 is divided by 3390?
100
What is the remainder when 68038 is divided by 33860?
318
Calculate the remainder when 5720403 is divided by 13.
0
Calculate the remainder when 669368 is divided by 24785.
173
Calculate the remainder when 9357088 is divided by 2865.
2863
Calculate the remainder when 15847422 is divided by 1045.
1042
Calculate the remainder when 58066 is divided by 2412.
178
Calculate the remainder when 1020832 is divided by 3663.
2518
Calculate the remainder when 6465443 is divided by 75.
68
What is the remainder when 100437263 is divided by 36?
35
What is the remainder when 798687 is divided by 99699?
1095
What is the remainder when 3149121 is divided by 5232?
4689
What is the remainder when 54467 is divided by 3014?
215
Calculate the remainder when 3131022 is divided by 13.
11
Calculate the remainder when 10341157 is divided by 27.
22
Calculate the remainder when 164804 is divided by 27456.
68
Calculate the remainder when 874960 is divided by 558.
16
Calculate the remainder when 3432319 is divided by 1730.
1729
Calculate the remainder when 2607826 is divided by 60.
46
Calculate the remainder when 187325 is divided by 56.
5
What is the remainder when 481016235 is divided by 3361?
3359
Calculate the remainder when 284881 is divided by 8982.
6439
Calculate the remainder when 523206 is divided by 58134.
0
What is the remainder when 526496 is divided by 765?
176
What is the remainder when 745651 is divided by 248515?
106
Calculate the remainder when 193952406 is divided by 51.
18
What is the remainder when 1372496 is divided by 33?
26
Calculate the remainder when 3492730 is divided by 923.
98
What is the remainder when 56447 is divided by 3179?
2404
Calculate the remainder when 2707684 is divided by 3819.
13
Calculate the remainder when 481624 is divided by 8727.
1639
What is the remainder when 95602 is divided by 1017?
4
What is the remainder when 183117 is divided by 1098?
849
Calculate the remainder when 2115348 is divided by 82.
76
What is the remainder when 41669 is divided by 2653?
1874
What is the remainder when 34822 is divided by 34794?
28
Calculate the remainder when 382726 is divided by 21245.
316
Calculate the remainder when 4734746 is divided by 2950.
2946
What is the remainder when 39665450 is divided by 3923?
3920
What is the remainder when 251990 is divided by 873?
566
Calculate the remainder when 8334285 is divided by 744.
741
What is the remainder when 637526 is divided by 1246?
820
What is the remainder when 1344601 is divided by 1344522?
79
Calculate the remainder when 1759870 is divided by 586620.
10
Calculate the remainder when 30432441 is divided by 683.
10
What is the remainder when 9781201 is divided by 82?
77
Calculate the remainder when 28925 is divided by 3607.
69
What is the remainder when 17994408 is divided by 2065?
2063
What is the remainder when 5583874 is divided by 992?
898
Calculate the remainder when 28455137 is divided by 322.
319
What is the remainder when 137517 is divided by 523?
491
What is the remainder when 6024638 is divided by 82529?
21
Calculate the remainder when 1068541 is divided by 4415.
111
What is the remainder when 2988959 is divided by 712?
695
What is the remainder when 131296143 is divided by 56?
55
Calculate the remainder when 36300 is divided by 252.
12
Calculate the remainder when 113207534 is divided by 6014.
6012
Calculate the remainder when 1839095 is divided by 5024.
311
Calculate the remainder when 10524282 is divided by 351.
249
Calculate the remainder when 8655 is divided by 7827.
828
What is the remainder when 1174243 is divided by 146764?
131
Calculate the remainder when 43254 is divided by 213.
15
Calculate the remainder when 221838 is divided by 363.
45
Calculate the remainder when 613